prime factors of 205443.
3, 7, 1087
What are the prime factors of 11036324?
2, 13, 373, 569
List the prime factors of 1586644.
2, 17, 23333
List the prime factors of 2014438.
2, 773, 1303
List the prime factors of 771580.
2, 5, 173, 223
What are the prime factors of 1334525?
5, 53381
What are the prime factors of 6650127?
3, 11, 22391
What are the prime factors of 335851?
263, 1277
What are the prime factors of 16394257?
11, 31, 131, 367
List the prime factors of 140599.
23, 6113
What are the prime factors of 1463979?
3, 11, 37, 109
List the prime factors of 41961.
3, 71, 197
What are the prime factors of 564753?
3, 7, 26893
What are the prime factors of 6025860?
2, 3, 5, 11159
What are the prime factors of 2249889?
3, 43, 107, 163
What are the prime factors of 333215?
5, 66643
What are the prime factors of 125836?
2, 163, 193
What are the prime factors of 16995698?
2, 61, 139309
What are the prime factors of 152969?
19, 83, 97
List the prime factors of 3720278.
2, 1860139
List the prime factors of 1277998.
2, 638999
What are the prime factors of 427827?
3, 142609
List the prime factors of 1327738.
2, 663869
List the prime factors of 1837894.
2, 918947
List the prime factors of 1420004.
2, 151, 2351
What are the prime factors of 39043586?
2, 3943, 4951
What are the prime factors of 103574?
2, 51787
What are the prime factors of 464788?
2, 131, 887
List the prime factors of 5359505.
5, 17, 3709
What are the prime factors of 216301?
163, 1327
List the prime factors of 321940.
2, 5, 16097
List the prime factors of 388321.
577, 673
List the prime factors of 18777625.
5, 150221
What are the prime factors of 5675427?
3, 70067
List the prime factors of 17353195.
5, 73, 47543
List the prime factors of 180893.
37, 4889
List the prime factors of 3794888.
2, 523, 907
List the prime factors of 37410609.
3, 29, 430007
List the prime factors of 4762921.
313, 15217
List the prime factors of 6538901.
1531, 4271
What are the prime factors of 942047?
167, 5641
What are the prime factors of 55623?
3, 18541
List the prime factors of 79112.
2, 11, 29, 31
List the prime factors of 29465631.
3, 13, 251843
What are the prime factors of 2648216?
2, 331027
What are the prime factors of 907728?
2, 3, 18911
List the prime factors of 12199171.
109, 111919
What are the prime factors of 31434813?
3, 23, 181, 839
What are the prime factors of 4621621?
4621621
List the prime factors of 20345666.
2, 11, 7643
What are the prime factors of 11204825?
5, 448193
List the prime factors of 6885659.
11, 625969
What are the prime factors of 229475?
5, 67, 137
What are the prime factors of 6259?
11, 569
List the prime factors of 27701391.
3, 131, 70487
List the prime factors of 27635358.
2, 3, 4605893
What are the prime factors of 883840?
2, 5, 1381
What are the prime factors of 1778089?
61, 103, 283
What are the prime factors of 142068?
2, 3, 11839
What are the prime factors of 1476044?
2, 463, 797
List the prime factors of 106047.
3, 11783
What are the prime factors of 22492488?
2, 3, 937187
What are the prime factors of 4176384?
2, 3, 2719
What are the prime factors of 20007060?
2, 3, 5, 333451
What are the prime factors of 215528?
2, 29, 929
What are the prime factors of 379828?
2, 269, 353
What are the prime factors of 204360?
2, 3, 5, 13, 131
List the prime factors of 1487252.
2, 13, 37, 773
List the prime factors of 11409855.
3, 5, 760657
List the prime factors of 3080880.
2, 3, 5, 11, 389
List the prime factors of 3347165.
5, 669433
What are the prime factors of 3725558?
2, 19, 98041
What are the prime factors of 3389330?
2, 5, 7, 6917
List the prime factors of 4431423.
3, 181, 8161
List the prime factors of 6682051.
6682051
What are the prime factors of 1001627?
11, 23, 37, 107
What are the prime factors of 364548?
2, 3, 17, 1787
List the prime factors of 86631.
3, 67, 431
What are the prime factors of 250689?
3, 83563
What are the prime factors of 427936?
2, 43, 311
List the prime factors of 32630422.
2, 11, 23, 59, 1093
What are the prime factors of 1275712?
2, 31, 643
List the prime factors of 2780765.
5, 13, 179, 239
List the prime factors of 16200691.
13, 1246207
List the prime factors of 2826778.
2, 79, 17891
List the prime factors of 36583588.
2, 19, 481363
List the prime factors of 199186.
2, 13, 47, 163
What are the prime factors of 1730893?
379, 4567
List the prime factors of 3239500.
2, 5, 11, 19, 31
What are the prime factors of 11543128?
2, 641, 2251
List the prime factors of 8355631.
43, 4519
List the prime factors of 10777616.
2, 23, 29287
List the prime factors of 7750992.
2, 3, 31, 5209
List the prime factors of 12875344.
2, 804709
What are the prime factors of 23977035?
3, 5, 532823
List the prime factors of 4846691.
19, 53, 4813
List the prime factors of 55293.
3, 7, 2633
What are the prime factors of 510381?
3, 6301
List the prime factors of 256919.
13, 19763
List the prime factors of 530384.
2, 33149
What are the prime factors of 22559379?
3, 131, 137, 419
List the prime factors of 1292139.
3, 47857
List the prime factors of 2058614.
2, 1029307
What are the prime factors of 11776899?
3, 499, 7867
List the prime factors of 1540402.
2, 23, 33487
List the prime factors of 209763.
3, 17, 457
List the prime factors of 14845.
5, 2969
What are the prime factors of 27086912?
2, 423233
List the prime factors of 36017481.
3, 12005827
List the prime factors of 372834.
2, 3, 7, 11, 269
What are the prime factors of 752774?
2, 11, 34217
List the prime factors of 1864981.
137, 13613
What are the prime factors of 302216?
2, 37, 1021
List the prime factors of 10178946.
2, 3, 19, 3307
List the prime factors of 45778.
2, 47, 487
List the prime factors of 751605.
3, 5, 89, 563
List the prime factors of 10901854.
2, 29, 187963
What are the prime factors of 12046269?
3, 1879, 2137
List the prime factors of 19192141.
41, 167, 2803
What are the prime factors of 67256?
2, 7, 1201
What are the prime factors of 3082026?
2, 3, 37, 13883
What are the prime factors of 187473?
3, 11, 13, 19, 23
List the prime factors of 18746170.
2, 5, 181, 10357
What are the prime factors of 11691840?
2, 3, 5, 19, 641
List the prime factors of 1017108.
2, 3, 19, 1487
What are the prime factors of 40707094?
2, 2017, 10091
What are the prime factors of 13103?
13103
List the prime factors of 276596.
2, 69149
List the prime factors of 124103.
7, 17729
What are the prime factors of 239364?
2, 3, 61, 109
What are the prime factors of 949334?
2, 474667
List the prime factors of 130340.
2, 5, 7, 19
List the prime factors of 850004.
2, 212501
List the prime factors of 6772570.
2, 5, 7, 31, 3121
List the prime factors of 20953400.
2, 5, 13, 8059
What are the prime factors of 319754?
2, 29, 37, 149
List the prime factors of 8307907.
31, 263, 1019
What are the prime factors of 86926?
2, 7, 887
What are the prime factors of 75231?
3, 13, 643
List the prime factors of 9377777.
2269, 4133
What are the prime factors of 338796?
2, 3, 3137
List the prime factors of 2649060.
2, 3, 5, 14717
List the prime factors of 16461861.
3, 13, 422099
List the prime factors of 3186272.
2, 99571
What are the prime factors of 843523?
17, 29, 59
List the prime factors of 802227.
3, 29, 9221
What are the prime factors of 15034371?
3, 11, 83, 499
What are the prime factors of 3972573?
3, 11, 40127
List the prime factors of 17513823.
3, 1091, 5351
What are the prime factors of 16125596?
2, 4031399
What are the prime factors of 1799965?
5, 19, 18947
List the prime factors of 3215704.
2, 541, 743
List the prime factors of 105713.
61, 1733
What are the prime factors of 24972884?
2, 269, 23209
List the prime factors of 1187300.
2, 5, 31, 383
What are the prime factors of 9254256?
2, 3, 11, 17, 1031
List the prime factors of 1632152.
2, 204019
List the prime factors of 829767.
3, 276589
List the prime factors of 5470001.
47, 181, 643
List the prime factors of 8222849.
17, 483697
What are the prime factors of 11095709?
53, 209353
What are the prime factors of 2663190?
2, 3, 5, 127, 233
List the prime factors of 789521.
23, 34327
What are the prime factors of 5905413?
3, 218719
List the prime factors of 502538.
2, 71, 3539
List the prime factors of 6511490.
2, 5, 19, 43, 797
List the prime factors of 4162098.
2, 3, 693683
What are the prime 